t j(c) = 2 + 66*c**2 - 5*c + c + 2*c - 4*c**2. What are the prime factors of j(1)?
2, 31
Let x = -387 - -476. List the prime factors of x.
89
Suppose -5*y = -4*a - 45, 4*y = -5*a - 2 - 3. Suppose y*j - 4*h + 47 = 172, -5*j = 5*h - 125. What are the prime factors of j?
5
Let z(x) = x**3 + 19*x**2 - 6*x + 4. Let j(b) = -b**3 - 4*b**2 + 24*b + 2. Let m be j(-7). List the prime factors of z(m).
2, 59
Suppose -4*y - 15955 = -3*f, -f - 96*y = -100*y - 5305. List the prime factors of f.
3, 5, 71
Let o = -600 + 1291. What are the prime factors of o?
691
Let s(o) = -133*o - 522. What are the prime factors of s(-12)?
2, 3, 179
Suppose 3*r + 2*r = 0, 5*r = 5*f - 10. Let k be (56/42)/(f/(-6)). List the prime factors of (1/k)/((-1)/8).
2
Let r = -25 + 22. Let s(f) = -7*f - 15. List the prime factors of s(r).
2, 3
Suppose 3*m = 3*c + 1854, 5*c + 3100 = 2*m - 7*m. Let u = -366 - c. What are the prime factors of u?
11, 23
Suppose 5*o + 2*m - 67 = 0, 4*m = -4*o - 0*o + 44. Let n = o - -109. List the prime factors of n.
2, 31
Let w(m) = 2*m**2 + 9*m - 17. Let h be w(-7). What are the prime factors of 18/(-81) - (-1480)/h?
2, 41
Suppose 0 = -5*a + 7*g - 9*g + 8982, -4*g + 5392 = 3*a. List the prime factors of a.
2, 449
Suppose 10*h + 20823 = 65093. What are the prime factors of h?
19, 233
Suppose 0 = 3*r - 3, -2*k - 2*r + 3059 = 3*r. List the prime factors of k.
3, 509
Suppose -4*q + 3364 = 5*z - 818, 0 = 5*q + z - 5217. List the prime factors of q.
7, 149
Let z = 100 + -58. Let c = z + 4. Suppose 0 = 4*i - c - 14. What are the prime factors of i?
3, 5
Suppose 5*p - 5 = 0, 4*q - p + 4 = 7. Let b be (-2*(0 - -2))/(-1). Suppose q + 11 = b*k, -k - 31 = -x. List the prime factors of x.
2, 17
Let g(c) = -2*c**2 + 5*c**2 - 5*c**3 - 4*c**2 - 2 + 3. Let a be g(-1). Suppose -17 - 3 = -a*x. What are the prime factors of x?
2
Suppose 0*h + 3 = 3*h. Let j be (-27)/(-15) + h/5. Let u(b) = 12*b - 5. What are the prime factors of u(j)?
19
Let m(f) = -f. Let w(a) = 5*a**2 + 7*a - 7. Let s(z) = 5*m(z) + w(z). What are the prime factors of s(4)?
3
Suppose 3*s - 4*z - z = 249, 0 = -z + 3. Let k = -40 + s. What are the prime factors of k?
2, 3
Let y = -3 + 9. Let f be (-12)/18 + (-8)/y. What are the prime factors of -3 + 3 + (f - -38)?
2, 3
Let d(b) = -3*b**2 - 41*b - 10. What are the prime factors of d(-12)?
2, 5
Let k be 2/(6/9) - -1. Suppose k*f - 4*g - 59 = 209, 0 = g - 3. What are the prime factors of f?
2, 5, 7
Let s = -6 - -10. Suppose 0*a + 3*n = -s*a - 7, -n - 1 = 2*a. Suppose -4*t - 140 = -4*m, -a*t = 3*t. List the prime factors of m.
5, 7
List the prime factors of -2 + (-6898)/(-5) - 6/10.
3, 17
Let u be (7/2)/(11/44). Suppose -19*t + u*t = -120. What are the prime factors of t?
2, 3
Suppose 5*v + 12 = 9*v. Let i = 6 - 4. Suppose -5*g + i + 8 = -v*m, 4*m + 5 = 5*g. What are the prime factors of g?
5
Let v(w) = -4 + 27 - 3 + 8*w + 0*w. List the prime factors of v(9).
2, 23
Let b(z) = z**3 + 18*z**2 + 14*z + 30. Let t be b(-16). Suppose 7*r - 4*r = t. What are the prime factors of r?
2, 53
Suppose 0 = 4*m + 33 - 45, 0 = c + 2*m - 5108. List the prime factors of c.
2, 2551
Let b = 6 - -493. List the prime factors of b.
499
Suppose -73142 = -36*h - 11582. List the prime factors of h.
2, 3, 5, 19
Let k be 1/(-3)*6 + 8*1. Suppose -7*p - k*p = -4147. List the prime factors of p.
11, 29
Suppose -j + 4*b + 244 = 0, -3*j + b = -643 - 111. What are the prime factors of j?
2, 3, 7
Suppose -4 = -18*g + 14*g. Let k be 1/((g - 2)/(-135)). Suppose 0 = -3*d + 6*d - k. What are the prime factors of d?
3, 5
Let j(a) = a + 5. Let r be j(4). Suppose -5*v = -31 - r. Let s = 10 - v. What are the prime factors of s?
2
Suppose 2*n = -0*n + 8. Suppose 680 = 5*h + f, -n*f = 4*h - 6*h + 272. List the prime factors of h.
2, 17
Suppose 4*s - 101 = -3*q - 0*q, q - 3*s = 51. Suppose 3*v - q + 6 = 0. List the prime factors of v.
11
Let v = 924 + -636. List the prime factors of v.
2, 3
What are the prime factors of 1774 - (-2 + 7) - 3?
2, 883
Let q(x) = -x**2 - 8*x + 9. Let z be q(-9). Suppose z = -0*i - 5*i + 140. Suppose -4*a = -0*a - i. What are the prime factors of a?
7
Let q(s) = 2*s**2 + 2*s + 1. Suppose -p - 8 = 3*p. Let j be q(p). Suppose -2*w + 14 = 2*o, -2*o + o - 5*w = j. What are the prime factors of o?
2, 5
Let l be ((0 - 7) + 2)*-1. Suppose 3 + 5 = j + 4*n, -l*n + 21 = 4*j. Suppose -2*y - 36 = -j*g + 28, y - 70 = -4*g. What are the prime factors of g?
17
Let o = 294 - 279. List the prime factors of o.
3, 5
Suppose -5*n = -3*n + 118. Let p = n - -151. What are the prime factors of p?
2, 23
Suppose 2*q + 98 = -10. Let t = q + 326. List the prime factors of t.
2, 17
Suppose 26 = 3*a - 5*j, 3*a + a - 58 = 2*j. Let h = a - 29. Let b = h + 14. What are the prime factors of b?
2
Let h be 95 - ((3 - 0) + -1). Suppose 0 = -3*z + 2*f + h + 370, 2*z - 326 = -3*f. List the prime factors of z.
157
Let x = -1813 - -3728. List the prime factors of x.
5, 383
List the prime factors of ((-72)/14)/((-16940)/(-8477) + -2).
2, 3, 173
Suppose 15*m = -11*m + 25350. List the prime factors of m.
3, 5, 13
Let t be 6370/(-42) - (-1)/(-3). Let w = t - -323. List the prime factors of w.
3, 19
Let x(k) be the second derivative of k**5/20 - 5*k**4/4 + k**3 + 10*k**2 - 22*k. List the prime factors of x(15).
2, 5, 11
Let h(s) = -230*s - 256. List the prime factors of h(-7).
2, 677
Let t(s) = -s**3 + 3*s + 76. What are the prime factors of t(-10)?
2, 523
Suppose -6*o + 2*z - 12792 = -9*o, 0 = z + 3. List the prime factors of o.
2, 3, 79
Suppose -4*k + 182 = 2*s - 168, 0 = -3*k + s + 250. Let m = k - 42. List the prime factors of m.
43
Suppose 22*o - 18348 = 10*o. List the prime factors of o.
11, 139
Let i be (-303)/(2 - -1 - 4). Suppose i = 32*y - 29*y. What are the prime factors of y?
101
Let f(y) = y**3 - 10*y**2 - 15*y + 5. Let h be (((-18)/(-3))/(-2))/((-3)/12). What are the prime factors of f(h)?
113
Suppose 3*s + 0*r + 46 = -5*r, -2*s - 34 = 5*r. Let h = s + 12. Suppose 8 = m + 5*f, -5*m - f + 40 = -h*f. List the prime factors of m.
2
Let t = -50 + 55. Suppose -t*p = -r - 516, -2*r + 342 = 3*p + 22. What are the prime factors of p?
2, 13
List the prime factors of (-2430)/675*1460/(-6).
2, 3, 73
Let w(o) = o**3 + 27*o**2 - 43*o + 25. List the prime factors of w(-20).
5, 11, 67
Suppose -5*i = 3*u - 18, 5*u - 20 = -2*i + 10. Suppose r - 112 = -u*r. What are the prime factors of r?
2
Suppose -5*m + 2*m = 3*l - 3066, 5*l - 5116 = -3*m. What are the prime factors of l?
5, 41
Let x(s) = -2*s**3 + 26*s**2 + 9*s - 18. What are the prime factors of x(12)?
2, 3, 7
Let n be ((-218)/(-4))/(-3 + 35/10). List the prime factors of n - (-1)/((-5)/(-20)).
113
Suppose 0*h + 5*k = -2*h + 1778, -5*h = -4*k - 4379. List the prime factors of h.
3, 293
Suppose 136*g + 2586 = 138*g. List the prime factors of g.
3, 431
Suppose -13*n + 5590 = -0*n. Suppose -p - 4*z = -0*z - 98, -4*p = -3*z - n. What are the prime factors of p?
2, 53
Suppose 98*k + 870 = 100*k. List the prime factors of k.
3, 5, 29
What are the prime factors of (-3 + -3592 + -3)*(-3)/6?
7, 257
Let v(a) = -6*a**3 + a**2 + a + 1. Let o be v(-1). Let w = 6 + 1. Let s = o + w. What are the prime factors of s?
2, 7
Let g(i) = -153*i + 4. What are the prime factors of g(-2)?
2, 5, 31
Suppose -4*l - t = 315, -3*l - 5*t = 102 + 113. Let g = -2 - l. List the prime factors of g.
2, 3, 13
Let b(f) = -7*f**3 + 3*f**2 + f - 1. Let n = 75 + -77. List the prime factors of b(n).
5, 13
Let l(m) = -7*m**3 - 2*m**2 + 1. Let j(k) = -k**2 - 5*k + 3. Let x be j(-6). List the prime factors of l(x).
2, 43
Suppose g - 18 = 3*g. Let r = g + 14. What are the prime factors of r?
5
Suppose -97 = -5*w + 5*t + 118, -51 = -w - 3*t. Suppose -309 = -2*o + 71. Suppose w = -5*v + o. What are the prime factors of v?
29
Let f(g) = g. Let j(m) = -13*m - 5. Let c(t) = -6*f(t) + 2*j(t). What are the prime factors of c(-6)?
2, 7, 13
Suppose 13*l = 9*l + 172. Let g = -19 + l. Suppose -4*j + 7*j = g. List the prime factors of j.
2
Let o = -1 - 5. Let s be (-14)/(-4) - 3/o. Let z = s + 5. What are the prime factors of z?
3
Suppose 2*s + 48 - 6 = 5*q, 5*s - 35 = -5*q. Let l = 19 - q. Suppose -l - 70 = -3*h. List the prime factors of h.
3
Let b(v) = 100*v**2 + 20*v + 34. List the prime factors of b(-2).
2, 197
Let f(o) 